{"id":305,"date":"2018-04-24T12:02:58","date_gmt":"2018-04-24T12:02:58","guid":{"rendered":"https:\/\/thinggaardkunst.dk\/?page_id=305"},"modified":"2023-05-16T12:44:47","modified_gmt":"2023-05-16T12:44:47","slug":"u-ro-afgangsprojekt-aarhus-akademi-2017-afd-g-maleri","status":"publish","type":"page","link":"https:\/\/thinggaardkunst.dk\/?page_id=305","title":{"rendered":"URO"},"content":{"rendered":"\n<p><\/p>\n\n\n<h2><span style=\"font-size: medium;\"><b>PROJEKTBESKRIVELSE<\/b><\/span> <span style=\"font-size: medium;\"><b>AFGANG 2017<\/b><\/span><\/h2>\n<p><span style=\"font-size: medium;\"><b>\u00c5RH<\/b>U<b>S KUNSTAKADEMI<\/b><\/span><\/p>\n<p><span style=\"font-size: medium;\"><b>Afd. G, Maleri<\/b><\/span><\/p>\n<p>Vejleder: Annette Olesen<\/p>\n<p style=\"text-align: left;\">Kurator: Peter Land<\/p>\n<p><img decoding=\"async\" loading=\"lazy\" class=\"alignnone wp-image-372 alignleft\" src=\"https:\/\/thinggaardkunst.dk\/wp-content\/uploads\/2018\/04\/417004010-1-300x220.jpg\" alt=\"\" width=\"379\" height=\"282\" \/><\/p>\n<p>\u00a0<\/p>\n<p><span style=\"font-size: xx-large;\"><b>\u00a0 \u00a0 \u00a0 \u00a0 \u00a0 \u00a0 \u00a0 \u00a0 \u00a0 \u00a0 \u00a0 \u00a0 \u00a0 <\/b><\/span><\/p>\n<p>\u00a0<\/p>\n<p style=\"text-align: left;\">\u00a0<\/p>\n<p style=\"text-align: left;\">\u00a0<\/p>\n<p><i>\u00a0E<\/i>r<span style=\"font-size: medium;\"><i> det muligt at se noget nyt <\/i><\/span><span style=\"font-size: medium;\"><i>i et hverdagsobjekt, <\/i><\/span><span style=\"font-size: medium;\"><i>man har ber\u00f8rt med sit blik utallige gange <\/i><\/span><span style=\"font-size: medium;\"><i>uden virkelig at se det?<\/i><\/span><\/p>\n<h3><b>V\u00c6RKBESKRIVELSE<\/b><\/h3>\n<p>En serie tegninger i blyant p\u00e5 papir, m\u00e5l: 30&#215;40 cm og 42&#215;60 cm.En serie monokrome tegninger i tusch\/bl\u00e6k p\u00e5 papir, m\u00e5l fra 30&#215;42 til 56&#215;76 cm.<\/p>\n<h4><b>Motiv<\/b><\/h4>\n<p>Med blyanten registrerer jeg med n\u00e6sten meditativ opm\u00e6rksomhed noget banalt og up\u00e5agtet fra det private rum: Tilf\u00e6ldige t\u00f8jbunker, oph\u00e6ngt vasket\u00f8j, folderne i en dyne eller en pude. Jeg er optaget af bev\u00e6gelserne i stoffet, som falder bl\u00f8dt eller er indfoldet i komplekse m\u00f8nstre. Tegningen fastholder en langsom tid og en flygtig form, der m\u00e5ske ikke findes en time senere.<\/p>\n<h4><b>Papir<\/b><\/h4>\n<p>Papir er et \u00e6ldgammelt, b\u00e5de skr\u00f8beligt og st\u00e6rkt materiale, som har b\u00e5ret menneskers tegn fra opfindelsen af papyrus for 5000 \u00e5r siden. 3000 \u00e5r senere lavede man papir af bastfibre i Japan, Korea, Taiwan og Kina, kaldet Nagashisuki (Nagasu: at flyde horisontalt, Suku: at fremstille papir). Papir er st\u00f8bt i vand, et element, der er livsvigtigt for vores eksistens, men samtidig, i takt med den globale opvarmning, nu truer denne. Det er et upr\u00e6tenti\u00f8st, forg\u00e6ngeligt og levende materiale. Papiret kan v\u00e6re absorberende eller afvisende, ru eller glat, massivt eller gennemsigtigt.<\/p>\n<h4><b>Vand<\/b><\/h4>\n<p>For at flytte motivet fra velkendt til ukendt, fra umiddelbar overflade til noget mere subtilt, gentegner jeg motivet med tusch eller bl\u00e6k, nu med vand som aktiv medspiller.<\/p>\n<p>Papiret fanger den umiddelbare handling, der er ingen fortrydelsesret.<\/p>\n<h4><strong>Jeg bruger <\/strong><\/h4>\n<p>gammeldags penne eller bambuspind, som fordrer omhu, man kan ikke forcere noget. Papiret tager imod stregen, pennen, penslen og vandet p\u00e5 forskellige m\u00e5der, som jeg unders\u00f8ger. Jeg tegner p\u00e5 pergament, som afviser vand, p\u00e5 Wenzhou papir og p\u00e5 kraftigt, st\u00e6rkt sugende papir.<\/p>\n<p>Jeg arbejder i et sp\u00e6ndingsfelt mellem kontrollerede linier og udvaskningen af disse i vand. Vandet som metafor for det ubevidste, som blander sig i menneskers tanker og handlinger, m\u00e5ske mere end de fleste bryder sig om at vide. I processen opst\u00e5r abstraktioner og nye figurationer, som jeg forf\u00f8lger, i \u00f8nsket om flertydighed.<\/p>\n<h4><b>ZEN og kunsten at v\u00e6re i Orkanens \u00d8je<\/b><\/h4>\n<p>Da jeg var barn, var h\u00f8jtl\u00e6sning en elsket aktivitet. Jeg husker historien om det lille bumletog, som m\u00e5tte finde sig i at blive ombygget til lyntog. Det kom nu hurtigere frem, men med sin nye h\u00f8jhastighed kunne det ikke mere n\u00e5 at se og opleve de omgivelser, det passerede p\u00e5 turen.<\/p>\n<p>Mit afgangsprojekt har v\u00e6ret en slags ZEN \u00f8velse i at betragte en tilf\u00e6ldig form midt i det overfyldte rum; at give det ubetydelige betydning ved at tegne det p\u00e5 papir; at opl\u00f8se formen igen som symbol p\u00e5 uundg\u00e5elig forandring og forg\u00e6ngelighed.<\/p>\n<h4><b>Det perfekte liv<\/b><\/h4>\n<p>I jagten p\u00e5 DET PERFEKTE LIV n\u00e6res frygten for udst\u00f8delse \u2013 urangsten for at blive forladt af flokken. Vi l\u00f8ber som aldrig f\u00f8r, med angsten som trofast l\u00f8bepartner. Menneskets indre er fors\u00f8mt omr\u00e5de, eftert\u00e6nksomhed og langsomhed er fejet af banen til fordel for effektivitet.<\/p>\n<p>Jeg har udf\u00f8rt en serie tegninger med afs\u00e6t i det private rum \u2013 optimalt set stedet for pause og rekreation, i realiteten ofte et sp\u00e6ndingsfelt. Det moderne menneskes URO, som ogs\u00e5 er min, danner bund i mit afgangsprojekt.<\/p>\n<p>Hjemmet er, i h\u00f8jere grad end at v\u00e6re en helle, blevet et overfyldt rum.<\/p>\n<p>Min bestr\u00e6belse er at inspirere til en hverdagspoetik, synligg\u00f8re nogle af de s\u00e6re former og v\u00e6kke nogle af de \u201dforkl\u00e6dte\u201d betydninger, der sover under den trivielle overflade.<\/p>\n        <script src = 'http:\/\/maps.googleapis.com\/maps\/api\/js?key='><\/script>\n        <script>\n            function initialize() {\n                var mapProp = {\n                    center: new google.maps.LatLng(, ),\n                    zoom: ,\n                    mapTypeId: google.maps.MapTypeId.ROADMAP\n                };\n                var map = new google.maps.Map(document.getElementById('googleMap'), mapProp);\n            }\n            google.maps.event.addDomListener(window, 'load', initialize);\n        <\/script>\n        <div id='googleMap' style='width:500px;height:380px;'><\/div>\n        ","protected":false},"excerpt":{"rendered":"<p>PROJEKTBESKRIVELSE AFGANG 2017 \u00c5RHUS KUNSTAKADEMI Afd. G, Maleri Vejleder: Annette Olesen Kurator: Peter Land \u00a0 \u00a0 \u00a0 \u00a0 \u00a0 \u00a0 \u00a0 \u00a0 \u00a0 \u00a0 \u00a0 \u00a0 \u00a0 \u00a0 \u00a0 \u00a0 \u00a0 \u00a0Er det muligt at se noget nyt i et hverdagsobjekt, man har ber\u00f8rt med sit blik utallige gange uden virkelig at se det? V\u00c6RKBESKRIVELSE &#8230; <a title=\"URO\" class=\"read-more\" href=\"https:\/\/thinggaardkunst.dk\/?page_id=305\" aria-label=\"More on URO\">L\u00e6s mere <\/a><\/p>\n","protected":false},"author":1,"featured_media":0,"parent":0,"menu_order":0,"comment_status":"closed","ping_status":"closed","template":"","meta":{"_bbp_topic_count":0,"_bbp_reply_count":0,"_bbp_total_topic_count":0,"_bbp_total_reply_count":0,"_bbp_voice_count":0,"_bbp_anonymous_reply_count":0,"_bbp_topic_count_hidden":0,"_bbp_reply_count_hidden":0,"_bbp_forum_subforum_count":0},"_links":{"self":[{"href":"https:\/\/thinggaardkunst.dk\/index.php?rest_route=\/wp\/v2\/pages\/305"}],"collection":[{"href":"https:\/\/thinggaardkunst.dk\/index.php?rest_route=\/wp\/v2\/pages"}],"about":[{"href":"https:\/\/thinggaardkunst.dk\/index.php?rest_route=\/wp\/v2\/types\/page"}],"author":[{"embeddable":true,"href":"https:\/\/thinggaardkunst.dk\/index.php?rest_route=\/wp\/v2\/users\/1"}],"replies":[{"embeddable":true,"href":"https:\/\/thinggaardkunst.dk\/index.php?rest_route=%2Fwp%2Fv2%2Fcomments&post=305"}],"version-history":[{"count":26,"href":"https:\/\/thinggaardkunst.dk\/index.php?rest_route=\/wp\/v2\/pages\/305\/revisions"}],"predecessor-version":[{"id":1228,"href":"https:\/\/thinggaardkunst.dk\/index.php?rest_route=\/wp\/v2\/pages\/305\/revisions\/1228"}],"wp:attachment":[{"href":"https:\/\/thinggaardkunst.dk\/index.php?rest_route=%2Fwp%2Fv2%2Fmedia&parent=305"}],"curies":[{"name":"wp","href":"https:\/\/api.w.org\/{rel}","templated":true}]}}